 10) to base 12.
-1542b8
Convert -1000100011101111110 (base 2) to base 4.
-1010131332
What is -12403323 (base 5) in base 14?
-32826
What is -492689 (base 11) in base 7?
-6424321
Convert -7842549 (base 10) to base 6.
-440032033
What is -9b8a6 (base 13) in base 11?
-183444
What is b86900 (base 12) in base 6?
142250000
What is 7615 (base 12) in base 7?
52556
What is -6b479 (base 16) in base 4?
-1223101321
-27611c (base 16) to base 5
-1130041024
-13748d (base 14) to base 6
-22232341
What is 417766 (base 8) in base 13?
4b4cb
What is -37a874 (base 12) in base 10?
-910168
What is 11230005 (base 8) in base 5?
1110442000
What is -42d (base 16) in base 9?
-1417
What is 5252c7 (base 13) in base 9?
3553630
What is 7630606 (base 8) in base 15?
2a5ab4
What is 11153113 (base 6) in base 12?
145799
30dbd2 (base 14) to base 8
6231434
Convert 1275cb (base 14) to base 8.
2330217
What is -477b66 (base 12) in base 11?
-719218
Convert -627577 (base 12) to base 6.
-53055431
Convert -13333103 (base 5) to base 9.
-227406
1023 (base 10) to base 2
1111111111
Convert -65872 (base 9) to base 13.
-16b95
What is -377067 (base 10) in base 4?
-1130003223
What is -1110010001101 (base 2) in base 14?
-2941
Convert -739c7 (base 14) to base 5.
-32412313
111220120120 (base 3) to base 4
1002312003
What is 65ab14 (base 13) in base 5?
1103110114
What is 212300121 (base 5) in base 3?
1200201121200
Convert 4e85 (base 16) to base 11.
14114
What is -980a1 (base 14) in base 10?
-367837
What is 1042555 (base 6) in base 14?
151b1
What is 66d26 (base 14) in base 13?
89777
What is -2213113320 (base 4) in base 2?
-10100111010111111000
42213233 (base 5) to base 12
14b1b8
What is 3111032213 (base 4) in base 3?
1122101001112
Convert 17382513 (base 9) to base 6.
511113450
Convert 1662101 (base 7) to base 5.
24434013
Convert 11101100101100100110 (base 2) to base 6.
32440250
-43a7b1 (base 13) to base 14
-2d6d60
What is -7752010 (base 8) in base 5?
-1013222041
Convert 3333135 (base 6) to base 13.
5b559
222310213112 (base 4) to base 12
3914332
17d586 (base 16) to base 6
53251234
What is 35343643 (base 7) in base 13?
853306
Convert 205567 (base 12) to base 5.
112211403
-566b9 (base 12) to base 14
-2dd01
-402336 (base 8) to base 2
-100000010011011110
-706545 (base 9) to base 14
-ac56b
What is 646133 (base 7) in base 6?
2225105
What is -15962 (base 13) in base 10?
-41147
What is 2274761 (base 8) in base 11?
394663
Convert -1b151 (base 15) to base 13.
-31102
Convert -202333203 (base 4) to base 5.
-14041311
What is -a2d68a (base 14) in base 2?
-10100111100110101001010
-100312221121 (base 4) to base 10
-4418137
-15837 (base 10) to base 13
-7293
Convert -1366268 (base 9) to base 10.
-752552
What is -202416 (base 10) in base 3?
-101021122220
Convert 10001100111010011000 (base 2) to base 3.
1002022201220
What is -a37e (base 16) in base 8?
-121576
Convert c511d (base 14) to base 4.
1303330313
What is 2909f (base 16) in base 2?
101001000010011111
What is 10343431 (base 6) in base 13?
aa9c2
What is 2c089 (base 13) in base 15?
19b84
What is 10835084 (base 9) in base 15?
6e412a
385b6a2 (base 12) to base 8
52171432
Convert -123402032 (base 5) to base 12.
-252bb1
What is -1550544 (base 11) in base 12?
-a79b56
Convert -12a45 (base 13) to base 9.
-52537
Convert 4aac1 (base 14) to base 4.
230233001
What is -27367 (base 8) in base 12?
-6b5b
Convert 2220021112 (base 3) to base 10.
57065
Convert -13014640 (base 7) to base 8.
-4401651
2310220211 (base 4) to base 5
142134002
Convert 324246 (base 7) to base 10.
56727
39007 (base 15) to base 6
3523441
-55310 (base 6) to base 15
-2419
What is 41224101 (base 5) in base 12?
142647
-101011001111110010001 (base 2) to base 5
-330321410
-11202101000102 (base 3) to base 11
-1476403
What is 101000011101000000011 (base 2) in base 6?
44224523
-4212323 (base 5) to base 3
-10112121222
What is -10100123130 (base 4) in base 5?
-241201433
Convert -130301 (base 7) to base 3.
-1020010202
What is 4b479 (base 15) in base 16?
3abff
-4234430 (base 5) to base 2
-10001011001001000
Convert 1ee01 (base 15) to base 3.
12010120201
Convert -11122021100120 (base 3) to base 5.
-1112400421
45698 (base 12) to base 10
92564
Convert 10001011000000111010110 (base 2) to base 5.
2131231342
What is 12ad0 (base 15) in base 12?
2a750
-4c473 (base 13) to base 8
-424102
What is -556a8a (base 11) in base 3?
-1200002202210
What is -1300101010 (base 4) in base 12?
-1a2144
What is 30621346 (base 7) in base 2?
1001110101000110011101
What is 48303 (base 16) in base 11?
192173
Convert 2686600 (base 9) to base 7.
15350622
What is -1159432 (base 10) in base 4?
-10123010020
What is -628136 (base 10) in base 6?
-21244012
What is -3b6a55 (base 16) in base 10?
-3893845
bd6a17 (base 14) to base 15
87152c
Convert -1000000111101010110000 (base 2) to base 3.
-11000010211120
-abb624 (base 12) to base 13
-74a62b
-3401311 (base 5) to base 7
-335464
Convert -5a6ad (base 16) to base 6.
-11534325
Convert -584ae9 (base 15) to base 5.
-2034432334
What is 2076827 (base 9) in base 16?
10ff00
Convert 221010122 (base 5) to base 13.
275193
What is 13113133213 (base 4) in base 12?
791747
What is -396a5 (base 14) in base 12?
-69901
-204395 (base 12) to base 9
-848805
Convert -312412220 (base 5) to base 2.
-100111100000101011101
Convert -3151402 (base 6) to base 8.
-455732
Convert 1e7467 (base 16) to base 13.
54b5c2
-10231223210 (base 4) to base 3
-2022210001002
What is -6631646 (base 7) in base 3?
-1112101102202
Convert 415420521 (base 6) to base 7.
115520263
Convert -314601 (base 9) to base 3.
-100111200001
Convert -21b425a (base 13) to base 8.
-47363373
What is -704045 (base 10) in base 3?
-1022202202202
-11100011001011000 (base 2) to base 5
-12210222
Convert -18a9579 (base 11) to base 6.
-152555001
Convert 32212330000 (base 4) to base 2.
1110100110111100000000
1522303 (base 7) to base 9
345347
Convert 3378084 (base 10) to base 12.
116aab0
What is -15507019 (base 10) in base 15?
-1564a14
-27c1c3 (base 13) to base 11
-6021a6
-66055 (base 11) to base 5
-11032032
What is 224254 (base 8) in base 13?
28752
-101201130 (base 4) to base 12
-35650
Convert 40b972 (base 13) to base 15.
1eca53
What is -166b (base 12) in base 9?
-3602
Convert -42d00 (base 14) to base 2.
-100111011110100100
What is -40100320 (base 5) in base 12?
-132852
-202502 (base 9) to base 10
-119963
What is -31270254 (base 8) in base 9?
-13452274
-5979623 (base 10) to base 7
-101553206
85b232 (base 13) to base 3
12220102002221
What is -422324 (base 8) in base 15?
-2b96a
-361363b (base 12) to base 13
-222b189
-132112303 (base 4) to base 14
-33455
What is -4810ec (base 16) in base 14?
-8ad27a
What is 1212302011 (base 4) in base 2?
1100110110010000101
What is 13012211 (base 4) in base 12?
14a05
What is -11001000111000111110 (base 2) in base 11?
-512242
113001505 (base 7) to base 4
122132302330
-193c70 (base 13) to base 9
-1170775
Convert 31220003 (base 4) to base 12.
2836b
What is 100142010 (base 5) in base 2?
1100000110011011001
What is -10056a (base 11) in base 4?
-213133010
Convert 21021223001 (base 4) to base 16.
249ac1
What is 55742 (base 9) in base 11?
25927
What is -11304101 (base 6) in base 11?
-21a639
What is -2162758 (base 10) in base 9?
-4055664
Convert 12103033220 (base 4) to base 10.
1651688
185245 (base 9) to base 11
79766
Convert 2112442 (base 7) to base 10.
255418
Convert -100110111111011100 (base 2) to base 12.
-78510
13775004 (base 9) to base 2
11010000101111110010011
What is -1404053215 (base 6) in base 10?
-16989995
What is -11110001000110000000 (base 2) in base 9?
-1764554
What is 2014402 (base 5) in base 12?
16965
Convert -944 (base 15) to base 9.
-2771
-8737198 (base 11) to base 15
-15341e3
What is -44685 (base 12) in base 15?
-1bd9b
854956 (base 15) to base 3
102221021222000
Convert 959396 (base 13) to base 15.
493715
What is -143487 (base 16) in base 7?
-14153355
-61991c (base 14) to base 8
-14435306
Convert -478b64 (base 14) to base 10.
-2444404
Convert 1612500 (base 7) to base 4.
312021333
-104464 (base 12) to base 15
-50e81
Convert 2225234 (base 6) to base 10.
112630
-954b1 (base 12) to base 3
-100221211021
Convert -11024240 (base 5) to base 6.
-2014242
What is -371694 (base 11) in base 7?
-4665463
What is -20221112112 (base 3) in base 8?
-413013
Convert -149a45